{"id":5406,"date":"2022-05-09T17:59:39","date_gmt":"2022-05-09T17:59:39","guid":{"rendered":"https:\/\/bentos.cl\/ventas\/?post_type=product&#038;p=5406"},"modified":"2022-05-09T17:59:39","modified_gmt":"2022-05-09T17:59:39","slug":"sonar-de-barrido-lateral-878-rgb","status":"publish","type":"product","link":"https:\/\/bentos.cl\/ventas\/producto\/sonar-de-barrido-lateral-878-rgb\/","title":{"rendered":"Sonar de Barrido Lateral 878 RGB"},"content":{"rendered":"<p>El Sonar de Barrido Lateral (SSS) modelo 878 RGB de Imagenex es la pr\u00f3xima generaci\u00f3n en sonar de barrido lateral de alta resoluci\u00f3n. La unidad ejecuta tres s\u00f3nares simult\u00e1neos en cada lado a diferentes longitudes de onda de sonido, lo que brinda una claridad de imagen mejorada y ahora, por primera vez, la capacidad de discriminar objetivos en funci\u00f3n de su &#8220;color&#8221; ac\u00fastico.\t\t\t\t<\/p>\n","protected":false},"excerpt":{"rendered":"<p>El Sonar de Barrido Lateral (SSS) modelo 878 RGB de Imagenex es la pr\u00f3xima generaci\u00f3n&#8230;<\/p>\n","protected":false},"featured_media":5407,"comment_status":"open","ping_status":"closed","template":"","meta":{"nf_dc_page":"","om_disable_all_campaigns":false},"product_brand":[],"product_cat":[33],"product_tag":[],"class_list":{"0":"post-5406","1":"product","2":"type-product","3":"status-publish","4":"has-post-thumbnail","6":"product_cat-ecosondas","8":"first","9":"instock","10":"shipping-taxable","11":"product-type-simple"},"yoast_head":"<!-- This site is optimized with the Yoast SEO plugin v27.4 - https:\/\/yoast.com\/product\/yoast-seo-wordpress\/ -->\n<title>Sonar de Barrido Lateral 878 RGB - Ventas Bentos<\/title>\n<meta name=\"robots\" content=\"index, follow, max-snippet:-1, max-image-preview:large, max-video-preview:-1\" \/>\n<link rel=\"canonical\" href=\"https:\/\/bentos.cl\/ventas\/producto\/sonar-de-barrido-lateral-878-rgb\/\" \/>\n<meta property=\"og:locale\" content=\"es_ES\" \/>\n<meta property=\"og:type\" content=\"article\" \/>\n<meta property=\"og:title\" content=\"Sonar de Barrido Lateral 878 RGB - Ventas Bentos\" \/>\n<meta property=\"og:description\" content=\"El Sonar de Barrido Lateral (SSS) modelo 878 RGB de Imagenex es la pr\u00f3xima generaci\u00f3n...\" \/>\n<meta property=\"og:url\" content=\"https:\/\/bentos.cl\/ventas\/producto\/sonar-de-barrido-lateral-878-rgb\/\" \/>\n<meta property=\"og:site_name\" content=\"Ventas Bentos\" \/>\n<meta property=\"og:image\" content=\"https:\/\/bentos.cl\/ventas\/wp-content\/uploads\/2022\/05\/878-RGB.jpg\" \/>\n\t<meta property=\"og:image:width\" content=\"622\" \/>\n\t<meta property=\"og:image:height\" content=\"400\" \/>\n\t<meta property=\"og:image:type\" content=\"image\/jpeg\" \/>\n<meta name=\"twitter:card\" content=\"summary_large_image\" \/>\n<script type=\"application\/ld+json\" class=\"yoast-schema-graph\">{\"@context\":\"https:\\\/\\\/schema.org\",\"@graph\":[{\"@type\":\"WebPage\",\"@id\":\"https:\\\/\\\/bentos.cl\\\/ventas\\\/producto\\\/sonar-de-barrido-lateral-878-rgb\\\/\",\"url\":\"https:\\\/\\\/bentos.cl\\\/ventas\\\/producto\\\/sonar-de-barrido-lateral-878-rgb\\\/\",\"name\":\"Sonar de Barrido Lateral 878 RGB - Ventas Bentos\",\"isPartOf\":{\"@id\":\"https:\\\/\\\/bentos.cl\\\/ventas\\\/#website\"},\"primaryImageOfPage\":{\"@id\":\"https:\\\/\\\/bentos.cl\\\/ventas\\\/producto\\\/sonar-de-barrido-lateral-878-rgb\\\/#primaryimage\"},\"image\":{\"@id\":\"https:\\\/\\\/bentos.cl\\\/ventas\\\/producto\\\/sonar-de-barrido-lateral-878-rgb\\\/#primaryimage\"},\"thumbnailUrl\":\"https:\\\/\\\/bentos.cl\\\/ventas\\\/wp-content\\\/uploads\\\/2022\\\/05\\\/878-RGB.jpg\",\"datePublished\":\"2022-05-09T17:59:39+00:00\",\"breadcrumb\":{\"@id\":\"https:\\\/\\\/bentos.cl\\\/ventas\\\/producto\\\/sonar-de-barrido-lateral-878-rgb\\\/#breadcrumb\"},\"inLanguage\":\"es\",\"potentialAction\":[{\"@type\":\"ReadAction\",\"target\":[\"https:\\\/\\\/bentos.cl\\\/ventas\\\/producto\\\/sonar-de-barrido-lateral-878-rgb\\\/\"]}]},{\"@type\":\"ImageObject\",\"inLanguage\":\"es\",\"@id\":\"https:\\\/\\\/bentos.cl\\\/ventas\\\/producto\\\/sonar-de-barrido-lateral-878-rgb\\\/#primaryimage\",\"url\":\"https:\\\/\\\/bentos.cl\\\/ventas\\\/wp-content\\\/uploads\\\/2022\\\/05\\\/878-RGB.jpg\",\"contentUrl\":\"https:\\\/\\\/bentos.cl\\\/ventas\\\/wp-content\\\/uploads\\\/2022\\\/05\\\/878-RGB.jpg\",\"width\":622,\"height\":400},{\"@type\":\"BreadcrumbList\",\"@id\":\"https:\\\/\\\/bentos.cl\\\/ventas\\\/producto\\\/sonar-de-barrido-lateral-878-rgb\\\/#breadcrumb\",\"itemListElement\":[{\"@type\":\"ListItem\",\"position\":1,\"name\":\"Home\",\"item\":\"https:\\\/\\\/bentos.cl\\\/ventas\\\/\"},{\"@type\":\"ListItem\",\"position\":2,\"name\":\"Tienda\",\"item\":\"https:\\\/\\\/bentos.cl\\\/ventas\\\/tienda\\\/\"},{\"@type\":\"ListItem\",\"position\":3,\"name\":\"Sonar de Barrido Lateral 878 RGB\"}]},{\"@type\":\"WebSite\",\"@id\":\"https:\\\/\\\/bentos.cl\\\/ventas\\\/#website\",\"url\":\"https:\\\/\\\/bentos.cl\\\/ventas\\\/\",\"name\":\"Ventas Bentos\",\"description\":\"Equipos a pedido\",\"potentialAction\":[{\"@type\":\"SearchAction\",\"target\":{\"@type\":\"EntryPoint\",\"urlTemplate\":\"https:\\\/\\\/bentos.cl\\\/ventas\\\/?s={search_term_string}\"},\"query-input\":{\"@type\":\"PropertyValueSpecification\",\"valueRequired\":true,\"valueName\":\"search_term_string\"}}],\"inLanguage\":\"es\"}]}<\/script>\n<!-- \/ Yoast SEO plugin. -->","yoast_head_json":{"title":"Sonar de Barrido Lateral 878 RGB - Ventas Bentos","robots":{"index":"index","follow":"follow","max-snippet":"max-snippet:-1","max-image-preview":"max-image-preview:large","max-video-preview":"max-video-preview:-1"},"canonical":"https:\/\/bentos.cl\/ventas\/producto\/sonar-de-barrido-lateral-878-rgb\/","og_locale":"es_ES","og_type":"article","og_title":"Sonar de Barrido Lateral 878 RGB - Ventas Bentos","og_description":"El Sonar de Barrido Lateral (SSS) modelo 878 RGB de Imagenex es la pr\u00f3xima generaci\u00f3n...","og_url":"https:\/\/bentos.cl\/ventas\/producto\/sonar-de-barrido-lateral-878-rgb\/","og_site_name":"Ventas Bentos","og_image":[{"width":622,"height":400,"url":"https:\/\/bentos.cl\/ventas\/wp-content\/uploads\/2022\/05\/878-RGB.jpg","type":"image\/jpeg"}],"twitter_card":"summary_large_image","schema":{"@context":"https:\/\/schema.org","@graph":[{"@type":"WebPage","@id":"https:\/\/bentos.cl\/ventas\/producto\/sonar-de-barrido-lateral-878-rgb\/","url":"https:\/\/bentos.cl\/ventas\/producto\/sonar-de-barrido-lateral-878-rgb\/","name":"Sonar de Barrido Lateral 878 RGB - Ventas Bentos","isPartOf":{"@id":"https:\/\/bentos.cl\/ventas\/#website"},"primaryImageOfPage":{"@id":"https:\/\/bentos.cl\/ventas\/producto\/sonar-de-barrido-lateral-878-rgb\/#primaryimage"},"image":{"@id":"https:\/\/bentos.cl\/ventas\/producto\/sonar-de-barrido-lateral-878-rgb\/#primaryimage"},"thumbnailUrl":"https:\/\/bentos.cl\/ventas\/wp-content\/uploads\/2022\/05\/878-RGB.jpg","datePublished":"2022-05-09T17:59:39+00:00","breadcrumb":{"@id":"https:\/\/bentos.cl\/ventas\/producto\/sonar-de-barrido-lateral-878-rgb\/#breadcrumb"},"inLanguage":"es","potentialAction":[{"@type":"ReadAction","target":["https:\/\/bentos.cl\/ventas\/producto\/sonar-de-barrido-lateral-878-rgb\/"]}]},{"@type":"ImageObject","inLanguage":"es","@id":"https:\/\/bentos.cl\/ventas\/producto\/sonar-de-barrido-lateral-878-rgb\/#primaryimage","url":"https:\/\/bentos.cl\/ventas\/wp-content\/uploads\/2022\/05\/878-RGB.jpg","contentUrl":"https:\/\/bentos.cl\/ventas\/wp-content\/uploads\/2022\/05\/878-RGB.jpg","width":622,"height":400},{"@type":"BreadcrumbList","@id":"https:\/\/bentos.cl\/ventas\/producto\/sonar-de-barrido-lateral-878-rgb\/#breadcrumb","itemListElement":[{"@type":"ListItem","position":1,"name":"Home","item":"https:\/\/bentos.cl\/ventas\/"},{"@type":"ListItem","position":2,"name":"Tienda","item":"https:\/\/bentos.cl\/ventas\/tienda\/"},{"@type":"ListItem","position":3,"name":"Sonar de Barrido Lateral 878 RGB"}]},{"@type":"WebSite","@id":"https:\/\/bentos.cl\/ventas\/#website","url":"https:\/\/bentos.cl\/ventas\/","name":"Ventas Bentos","description":"Equipos a pedido","potentialAction":[{"@type":"SearchAction","target":{"@type":"EntryPoint","urlTemplate":"https:\/\/bentos.cl\/ventas\/?s={search_term_string}"},"query-input":{"@type":"PropertyValueSpecification","valueRequired":true,"valueName":"search_term_string"}}],"inLanguage":"es"}]}},"jetpack_sharing_enabled":true,"_links":{"self":[{"href":"https:\/\/bentos.cl\/ventas\/wp-json\/wp\/v2\/product\/5406","targetHints":{"allow":["GET"]}}],"collection":[{"href":"https:\/\/bentos.cl\/ventas\/wp-json\/wp\/v2\/product"}],"about":[{"href":"https:\/\/bentos.cl\/ventas\/wp-json\/wp\/v2\/types\/product"}],"replies":[{"embeddable":true,"href":"https:\/\/bentos.cl\/ventas\/wp-json\/wp\/v2\/comments?post=5406"}],"wp:featuredmedia":[{"embeddable":true,"href":"https:\/\/bentos.cl\/ventas\/wp-json\/wp\/v2\/media\/5407"}],"wp:attachment":[{"href":"https:\/\/bentos.cl\/ventas\/wp-json\/wp\/v2\/media?parent=5406"}],"wp:term":[{"taxonomy":"product_brand","embeddable":true,"href":"https:\/\/bentos.cl\/ventas\/wp-json\/wp\/v2\/product_brand?post=5406"},{"taxonomy":"product_cat","embeddable":true,"href":"https:\/\/bentos.cl\/ventas\/wp-json\/wp\/v2\/product_cat?post=5406"},{"taxonomy":"product_tag","embeddable":true,"href":"https:\/\/bentos.cl\/ventas\/wp-json\/wp\/v2\/product_tag?post=5406"}],"curies":[{"name":"wp","href":"https:\/\/api.w.org\/{rel}","templated":true}]}}