{"id":5403,"date":"2022-05-09T17:57:21","date_gmt":"2022-05-09T17:57:21","guid":{"rendered":"https:\/\/bentos.cl\/ventas\/?post_type=product&#038;p=5403"},"modified":"2022-05-09T17:57:22","modified_gmt":"2022-05-09T17:57:22","slug":"ecosonda-multihaz-seabat-t50-p","status":"publish","type":"product","link":"https:\/\/bentos.cl\/ventas\/producto\/ecosonda-multihaz-seabat-t50-p\/","title":{"rendered":"Ecosonda Multihaz SeaBat T50-P"},"content":{"rendered":"<p>El SeaBat T50-P es un ecosonda multihaz para aguas someras. Est\u00e1 dise\u00f1ado para una movilizaci\u00f3n r\u00e1pida en embarcaciones m\u00e1s peque\u00f1as. El procesador de sonda port\u00e1til y el sonar forman un sistema compacto, lo que asegura una interfaz m\u00ednima y requisitos de espacio reducidos.\t\t\t\t<\/p>\n","protected":false},"excerpt":{"rendered":"<p>El SeaBat T50-P es un ecosonda multihaz para aguas someras. Est\u00e1 dise\u00f1ado para una movilizaci\u00f3n&#8230;<\/p>\n","protected":false},"featured_media":5404,"comment_status":"open","ping_status":"closed","template":"","meta":{"nf_dc_page":"","om_disable_all_campaigns":false},"product_brand":[],"product_cat":[33],"product_tag":[],"class_list":{"0":"post-5403","1":"product","2":"type-product","3":"status-publish","4":"has-post-thumbnail","6":"product_cat-ecosondas","8":"first","9":"instock","10":"shipping-taxable","11":"product-type-simple"},"yoast_head":"<!-- This site is optimized with the Yoast SEO plugin v27.4 - https:\/\/yoast.com\/product\/yoast-seo-wordpress\/ -->\n<title>Ecosonda Multihaz SeaBat T50-P - Ventas Bentos<\/title>\n<meta name=\"robots\" content=\"index, follow, max-snippet:-1, max-image-preview:large, max-video-preview:-1\" \/>\n<link rel=\"canonical\" href=\"https:\/\/bentos.cl\/ventas\/producto\/ecosonda-multihaz-seabat-t50-p\/\" \/>\n<meta property=\"og:locale\" content=\"es_ES\" \/>\n<meta property=\"og:type\" content=\"article\" \/>\n<meta property=\"og:title\" content=\"Ecosonda Multihaz SeaBat T50-P - Ventas Bentos\" \/>\n<meta property=\"og:description\" content=\"El SeaBat T50-P es un ecosonda multihaz para aguas someras. Est\u00e1 dise\u00f1ado para una movilizaci\u00f3n...\" \/>\n<meta property=\"og:url\" content=\"https:\/\/bentos.cl\/ventas\/producto\/ecosonda-multihaz-seabat-t50-p\/\" \/>\n<meta property=\"og:site_name\" content=\"Ventas Bentos\" \/>\n<meta property=\"article:modified_time\" content=\"2022-05-09T17:57:22+00:00\" \/>\n<meta property=\"og:image\" content=\"https:\/\/bentos.cl\/ventas\/wp-content\/uploads\/2022\/05\/SeaBat-T50-P-sonar.jpg\" \/>\n\t<meta property=\"og:image:width\" content=\"900\" \/>\n\t<meta property=\"og:image:height\" content=\"613\" \/>\n\t<meta property=\"og:image:type\" content=\"image\/jpeg\" \/>\n<meta name=\"twitter:card\" content=\"summary_large_image\" \/>\n<script type=\"application\/ld+json\" class=\"yoast-schema-graph\">{\"@context\":\"https:\\\/\\\/schema.org\",\"@graph\":[{\"@type\":\"WebPage\",\"@id\":\"https:\\\/\\\/bentos.cl\\\/ventas\\\/producto\\\/ecosonda-multihaz-seabat-t50-p\\\/\",\"url\":\"https:\\\/\\\/bentos.cl\\\/ventas\\\/producto\\\/ecosonda-multihaz-seabat-t50-p\\\/\",\"name\":\"Ecosonda Multihaz SeaBat T50-P - Ventas Bentos\",\"isPartOf\":{\"@id\":\"https:\\\/\\\/bentos.cl\\\/ventas\\\/#website\"},\"primaryImageOfPage\":{\"@id\":\"https:\\\/\\\/bentos.cl\\\/ventas\\\/producto\\\/ecosonda-multihaz-seabat-t50-p\\\/#primaryimage\"},\"image\":{\"@id\":\"https:\\\/\\\/bentos.cl\\\/ventas\\\/producto\\\/ecosonda-multihaz-seabat-t50-p\\\/#primaryimage\"},\"thumbnailUrl\":\"https:\\\/\\\/bentos.cl\\\/ventas\\\/wp-content\\\/uploads\\\/2022\\\/05\\\/SeaBat-T50-P-sonar.jpg\",\"datePublished\":\"2022-05-09T17:57:21+00:00\",\"dateModified\":\"2022-05-09T17:57:22+00:00\",\"breadcrumb\":{\"@id\":\"https:\\\/\\\/bentos.cl\\\/ventas\\\/producto\\\/ecosonda-multihaz-seabat-t50-p\\\/#breadcrumb\"},\"inLanguage\":\"es\",\"potentialAction\":[{\"@type\":\"ReadAction\",\"target\":[\"https:\\\/\\\/bentos.cl\\\/ventas\\\/producto\\\/ecosonda-multihaz-seabat-t50-p\\\/\"]}]},{\"@type\":\"ImageObject\",\"inLanguage\":\"es\",\"@id\":\"https:\\\/\\\/bentos.cl\\\/ventas\\\/producto\\\/ecosonda-multihaz-seabat-t50-p\\\/#primaryimage\",\"url\":\"https:\\\/\\\/bentos.cl\\\/ventas\\\/wp-content\\\/uploads\\\/2022\\\/05\\\/SeaBat-T50-P-sonar.jpg\",\"contentUrl\":\"https:\\\/\\\/bentos.cl\\\/ventas\\\/wp-content\\\/uploads\\\/2022\\\/05\\\/SeaBat-T50-P-sonar.jpg\",\"width\":900,\"height\":613,\"caption\":\"SeaBat T50-P sonar\"},{\"@type\":\"BreadcrumbList\",\"@id\":\"https:\\\/\\\/bentos.cl\\\/ventas\\\/producto\\\/ecosonda-multihaz-seabat-t50-p\\\/#breadcrumb\",\"itemListElement\":[{\"@type\":\"ListItem\",\"position\":1,\"name\":\"Home\",\"item\":\"https:\\\/\\\/bentos.cl\\\/ventas\\\/\"},{\"@type\":\"ListItem\",\"position\":2,\"name\":\"Tienda\",\"item\":\"https:\\\/\\\/bentos.cl\\\/ventas\\\/tienda\\\/\"},{\"@type\":\"ListItem\",\"position\":3,\"name\":\"Ecosonda Multihaz SeaBat T50-P\"}]},{\"@type\":\"WebSite\",\"@id\":\"https:\\\/\\\/bentos.cl\\\/ventas\\\/#website\",\"url\":\"https:\\\/\\\/bentos.cl\\\/ventas\\\/\",\"name\":\"Ventas Bentos\",\"description\":\"Equipos a pedido\",\"potentialAction\":[{\"@type\":\"SearchAction\",\"target\":{\"@type\":\"EntryPoint\",\"urlTemplate\":\"https:\\\/\\\/bentos.cl\\\/ventas\\\/?s={search_term_string}\"},\"query-input\":{\"@type\":\"PropertyValueSpecification\",\"valueRequired\":true,\"valueName\":\"search_term_string\"}}],\"inLanguage\":\"es\"}]}<\/script>\n<!-- \/ Yoast SEO plugin. -->","yoast_head_json":{"title":"Ecosonda Multihaz SeaBat T50-P - Ventas Bentos","robots":{"index":"index","follow":"follow","max-snippet":"max-snippet:-1","max-image-preview":"max-image-preview:large","max-video-preview":"max-video-preview:-1"},"canonical":"https:\/\/bentos.cl\/ventas\/producto\/ecosonda-multihaz-seabat-t50-p\/","og_locale":"es_ES","og_type":"article","og_title":"Ecosonda Multihaz SeaBat T50-P - Ventas Bentos","og_description":"El SeaBat T50-P es un ecosonda multihaz para aguas someras. Est\u00e1 dise\u00f1ado para una movilizaci\u00f3n...","og_url":"https:\/\/bentos.cl\/ventas\/producto\/ecosonda-multihaz-seabat-t50-p\/","og_site_name":"Ventas Bentos","article_modified_time":"2022-05-09T17:57:22+00:00","og_image":[{"width":900,"height":613,"url":"https:\/\/bentos.cl\/ventas\/wp-content\/uploads\/2022\/05\/SeaBat-T50-P-sonar.jpg","type":"image\/jpeg"}],"twitter_card":"summary_large_image","schema":{"@context":"https:\/\/schema.org","@graph":[{"@type":"WebPage","@id":"https:\/\/bentos.cl\/ventas\/producto\/ecosonda-multihaz-seabat-t50-p\/","url":"https:\/\/bentos.cl\/ventas\/producto\/ecosonda-multihaz-seabat-t50-p\/","name":"Ecosonda Multihaz SeaBat T50-P - Ventas Bentos","isPartOf":{"@id":"https:\/\/bentos.cl\/ventas\/#website"},"primaryImageOfPage":{"@id":"https:\/\/bentos.cl\/ventas\/producto\/ecosonda-multihaz-seabat-t50-p\/#primaryimage"},"image":{"@id":"https:\/\/bentos.cl\/ventas\/producto\/ecosonda-multihaz-seabat-t50-p\/#primaryimage"},"thumbnailUrl":"https:\/\/bentos.cl\/ventas\/wp-content\/uploads\/2022\/05\/SeaBat-T50-P-sonar.jpg","datePublished":"2022-05-09T17:57:21+00:00","dateModified":"2022-05-09T17:57:22+00:00","breadcrumb":{"@id":"https:\/\/bentos.cl\/ventas\/producto\/ecosonda-multihaz-seabat-t50-p\/#breadcrumb"},"inLanguage":"es","potentialAction":[{"@type":"ReadAction","target":["https:\/\/bentos.cl\/ventas\/producto\/ecosonda-multihaz-seabat-t50-p\/"]}]},{"@type":"ImageObject","inLanguage":"es","@id":"https:\/\/bentos.cl\/ventas\/producto\/ecosonda-multihaz-seabat-t50-p\/#primaryimage","url":"https:\/\/bentos.cl\/ventas\/wp-content\/uploads\/2022\/05\/SeaBat-T50-P-sonar.jpg","contentUrl":"https:\/\/bentos.cl\/ventas\/wp-content\/uploads\/2022\/05\/SeaBat-T50-P-sonar.jpg","width":900,"height":613,"caption":"SeaBat T50-P sonar"},{"@type":"BreadcrumbList","@id":"https:\/\/bentos.cl\/ventas\/producto\/ecosonda-multihaz-seabat-t50-p\/#breadcrumb","itemListElement":[{"@type":"ListItem","position":1,"name":"Home","item":"https:\/\/bentos.cl\/ventas\/"},{"@type":"ListItem","position":2,"name":"Tienda","item":"https:\/\/bentos.cl\/ventas\/tienda\/"},{"@type":"ListItem","position":3,"name":"Ecosonda Multihaz SeaBat T50-P"}]},{"@type":"WebSite","@id":"https:\/\/bentos.cl\/ventas\/#website","url":"https:\/\/bentos.cl\/ventas\/","name":"Ventas Bentos","description":"Equipos a pedido","potentialAction":[{"@type":"SearchAction","target":{"@type":"EntryPoint","urlTemplate":"https:\/\/bentos.cl\/ventas\/?s={search_term_string}"},"query-input":{"@type":"PropertyValueSpecification","valueRequired":true,"valueName":"search_term_string"}}],"inLanguage":"es"}]}},"jetpack_sharing_enabled":true,"_links":{"self":[{"href":"https:\/\/bentos.cl\/ventas\/wp-json\/wp\/v2\/product\/5403","targetHints":{"allow":["GET"]}}],"collection":[{"href":"https:\/\/bentos.cl\/ventas\/wp-json\/wp\/v2\/product"}],"about":[{"href":"https:\/\/bentos.cl\/ventas\/wp-json\/wp\/v2\/types\/product"}],"replies":[{"embeddable":true,"href":"https:\/\/bentos.cl\/ventas\/wp-json\/wp\/v2\/comments?post=5403"}],"wp:featuredmedia":[{"embeddable":true,"href":"https:\/\/bentos.cl\/ventas\/wp-json\/wp\/v2\/media\/5404"}],"wp:attachment":[{"href":"https:\/\/bentos.cl\/ventas\/wp-json\/wp\/v2\/media?parent=5403"}],"wp:term":[{"taxonomy":"product_brand","embeddable":true,"href":"https:\/\/bentos.cl\/ventas\/wp-json\/wp\/v2\/product_brand?post=5403"},{"taxonomy":"product_cat","embeddable":true,"href":"https:\/\/bentos.cl\/ventas\/wp-json\/wp\/v2\/product_cat?post=5403"},{"taxonomy":"product_tag","embeddable":true,"href":"https:\/\/bentos.cl\/ventas\/wp-json\/wp\/v2\/product_tag?post=5403"}],"curies":[{"name":"wp","href":"https:\/\/api.w.org\/{rel}","templated":true}]}}