{"id":5392,"date":"2022-05-09T17:31:04","date_gmt":"2022-05-09T17:31:04","guid":{"rendered":"https:\/\/bentos.cl\/ventas\/?post_type=product&#038;p=5392"},"modified":"2022-05-09T17:31:05","modified_gmt":"2022-05-09T17:31:05","slug":"spherical-adcp-buoys-flotation-syntactic","status":"publish","type":"product","link":"https:\/\/bentos.cl\/ventas\/producto\/spherical-adcp-buoys-flotation-syntactic\/","title":{"rendered":"SPHERICAL ADCP BUOYS &#038; FLOTATION (SYNTACTIC)"},"content":{"rendered":"<p>Boya esf\u00e9rica con marco de acero para montaje de ADCP con orientaci\u00f3n hacia el fondo o hacia la superficie. Estructura dise\u00f1ada para reducir la resistencia a la corriente y mejorar\u00e1n el rendimiento del amarre. \t\t\t\t<\/p>\n","protected":false},"excerpt":{"rendered":"<p>Boya esf\u00e9rica con marco de acero para montaje de ADCP con orientaci\u00f3n hacia el fondo&#8230;<\/p>\n","protected":false},"featured_media":5393,"comment_status":"open","ping_status":"closed","template":"","meta":{"nf_dc_page":"","om_disable_all_campaigns":false},"product_brand":[],"product_cat":[32],"product_tag":[],"class_list":{"0":"post-5392","1":"product","2":"type-product","3":"status-publish","4":"has-post-thumbnail","6":"product_cat-fondeo","8":"first","9":"instock","10":"shipping-taxable","11":"product-type-simple"},"yoast_head":"<!-- This site is optimized with the Yoast SEO plugin v27.4 - https:\/\/yoast.com\/product\/yoast-seo-wordpress\/ -->\n<title>SPHERICAL ADCP BUOYS &amp; FLOTATION (SYNTACTIC) - Ventas Bentos<\/title>\n<meta name=\"robots\" content=\"index, follow, max-snippet:-1, max-image-preview:large, max-video-preview:-1\" \/>\n<link rel=\"canonical\" href=\"https:\/\/bentos.cl\/ventas\/producto\/spherical-adcp-buoys-flotation-syntactic\/\" \/>\n<meta property=\"og:locale\" content=\"es_ES\" \/>\n<meta property=\"og:type\" content=\"article\" \/>\n<meta property=\"og:title\" content=\"SPHERICAL ADCP BUOYS &amp; FLOTATION (SYNTACTIC) - Ventas Bentos\" \/>\n<meta property=\"og:description\" content=\"Boya esf\u00e9rica con marco de acero para montaje de ADCP con orientaci\u00f3n hacia el fondo...\" \/>\n<meta property=\"og:url\" content=\"https:\/\/bentos.cl\/ventas\/producto\/spherical-adcp-buoys-flotation-syntactic\/\" \/>\n<meta property=\"og:site_name\" content=\"Ventas Bentos\" \/>\n<meta property=\"article:modified_time\" content=\"2022-05-09T17:31:05+00:00\" \/>\n<meta property=\"og:image\" content=\"https:\/\/bentos.cl\/ventas\/wp-content\/uploads\/2022\/05\/buoyancy17t.jpg\" \/>\n\t<meta property=\"og:image:width\" content=\"330\" \/>\n\t<meta property=\"og:image:height\" content=\"247\" \/>\n\t<meta property=\"og:image:type\" content=\"image\/jpeg\" \/>\n<meta name=\"twitter:card\" content=\"summary_large_image\" \/>\n<script type=\"application\/ld+json\" class=\"yoast-schema-graph\">{\"@context\":\"https:\\\/\\\/schema.org\",\"@graph\":[{\"@type\":\"WebPage\",\"@id\":\"https:\\\/\\\/bentos.cl\\\/ventas\\\/producto\\\/spherical-adcp-buoys-flotation-syntactic\\\/\",\"url\":\"https:\\\/\\\/bentos.cl\\\/ventas\\\/producto\\\/spherical-adcp-buoys-flotation-syntactic\\\/\",\"name\":\"SPHERICAL ADCP BUOYS & FLOTATION (SYNTACTIC) - Ventas Bentos\",\"isPartOf\":{\"@id\":\"https:\\\/\\\/bentos.cl\\\/ventas\\\/#website\"},\"primaryImageOfPage\":{\"@id\":\"https:\\\/\\\/bentos.cl\\\/ventas\\\/producto\\\/spherical-adcp-buoys-flotation-syntactic\\\/#primaryimage\"},\"image\":{\"@id\":\"https:\\\/\\\/bentos.cl\\\/ventas\\\/producto\\\/spherical-adcp-buoys-flotation-syntactic\\\/#primaryimage\"},\"thumbnailUrl\":\"https:\\\/\\\/bentos.cl\\\/ventas\\\/wp-content\\\/uploads\\\/2022\\\/05\\\/buoyancy17t.jpg\",\"datePublished\":\"2022-05-09T17:31:04+00:00\",\"dateModified\":\"2022-05-09T17:31:05+00:00\",\"breadcrumb\":{\"@id\":\"https:\\\/\\\/bentos.cl\\\/ventas\\\/producto\\\/spherical-adcp-buoys-flotation-syntactic\\\/#breadcrumb\"},\"inLanguage\":\"es\",\"potentialAction\":[{\"@type\":\"ReadAction\",\"target\":[\"https:\\\/\\\/bentos.cl\\\/ventas\\\/producto\\\/spherical-adcp-buoys-flotation-syntactic\\\/\"]}]},{\"@type\":\"ImageObject\",\"inLanguage\":\"es\",\"@id\":\"https:\\\/\\\/bentos.cl\\\/ventas\\\/producto\\\/spherical-adcp-buoys-flotation-syntactic\\\/#primaryimage\",\"url\":\"https:\\\/\\\/bentos.cl\\\/ventas\\\/wp-content\\\/uploads\\\/2022\\\/05\\\/buoyancy17t.jpg\",\"contentUrl\":\"https:\\\/\\\/bentos.cl\\\/ventas\\\/wp-content\\\/uploads\\\/2022\\\/05\\\/buoyancy17t.jpg\",\"width\":330,\"height\":247},{\"@type\":\"BreadcrumbList\",\"@id\":\"https:\\\/\\\/bentos.cl\\\/ventas\\\/producto\\\/spherical-adcp-buoys-flotation-syntactic\\\/#breadcrumb\",\"itemListElement\":[{\"@type\":\"ListItem\",\"position\":1,\"name\":\"Home\",\"item\":\"https:\\\/\\\/bentos.cl\\\/ventas\\\/\"},{\"@type\":\"ListItem\",\"position\":2,\"name\":\"Tienda\",\"item\":\"https:\\\/\\\/bentos.cl\\\/ventas\\\/tienda\\\/\"},{\"@type\":\"ListItem\",\"position\":3,\"name\":\"SPHERICAL ADCP BUOYS &#038; FLOTATION (SYNTACTIC)\"}]},{\"@type\":\"WebSite\",\"@id\":\"https:\\\/\\\/bentos.cl\\\/ventas\\\/#website\",\"url\":\"https:\\\/\\\/bentos.cl\\\/ventas\\\/\",\"name\":\"Ventas Bentos\",\"description\":\"Equipos a pedido\",\"potentialAction\":[{\"@type\":\"SearchAction\",\"target\":{\"@type\":\"EntryPoint\",\"urlTemplate\":\"https:\\\/\\\/bentos.cl\\\/ventas\\\/?s={search_term_string}\"},\"query-input\":{\"@type\":\"PropertyValueSpecification\",\"valueRequired\":true,\"valueName\":\"search_term_string\"}}],\"inLanguage\":\"es\"}]}<\/script>\n<!-- \/ Yoast SEO plugin. -->","yoast_head_json":{"title":"SPHERICAL ADCP BUOYS & FLOTATION (SYNTACTIC) - Ventas Bentos","robots":{"index":"index","follow":"follow","max-snippet":"max-snippet:-1","max-image-preview":"max-image-preview:large","max-video-preview":"max-video-preview:-1"},"canonical":"https:\/\/bentos.cl\/ventas\/producto\/spherical-adcp-buoys-flotation-syntactic\/","og_locale":"es_ES","og_type":"article","og_title":"SPHERICAL ADCP BUOYS & FLOTATION (SYNTACTIC) - Ventas Bentos","og_description":"Boya esf\u00e9rica con marco de acero para montaje de ADCP con orientaci\u00f3n hacia el fondo...","og_url":"https:\/\/bentos.cl\/ventas\/producto\/spherical-adcp-buoys-flotation-syntactic\/","og_site_name":"Ventas Bentos","article_modified_time":"2022-05-09T17:31:05+00:00","og_image":[{"width":330,"height":247,"url":"https:\/\/bentos.cl\/ventas\/wp-content\/uploads\/2022\/05\/buoyancy17t.jpg","type":"image\/jpeg"}],"twitter_card":"summary_large_image","schema":{"@context":"https:\/\/schema.org","@graph":[{"@type":"WebPage","@id":"https:\/\/bentos.cl\/ventas\/producto\/spherical-adcp-buoys-flotation-syntactic\/","url":"https:\/\/bentos.cl\/ventas\/producto\/spherical-adcp-buoys-flotation-syntactic\/","name":"SPHERICAL ADCP BUOYS & FLOTATION (SYNTACTIC) - Ventas Bentos","isPartOf":{"@id":"https:\/\/bentos.cl\/ventas\/#website"},"primaryImageOfPage":{"@id":"https:\/\/bentos.cl\/ventas\/producto\/spherical-adcp-buoys-flotation-syntactic\/#primaryimage"},"image":{"@id":"https:\/\/bentos.cl\/ventas\/producto\/spherical-adcp-buoys-flotation-syntactic\/#primaryimage"},"thumbnailUrl":"https:\/\/bentos.cl\/ventas\/wp-content\/uploads\/2022\/05\/buoyancy17t.jpg","datePublished":"2022-05-09T17:31:04+00:00","dateModified":"2022-05-09T17:31:05+00:00","breadcrumb":{"@id":"https:\/\/bentos.cl\/ventas\/producto\/spherical-adcp-buoys-flotation-syntactic\/#breadcrumb"},"inLanguage":"es","potentialAction":[{"@type":"ReadAction","target":["https:\/\/bentos.cl\/ventas\/producto\/spherical-adcp-buoys-flotation-syntactic\/"]}]},{"@type":"ImageObject","inLanguage":"es","@id":"https:\/\/bentos.cl\/ventas\/producto\/spherical-adcp-buoys-flotation-syntactic\/#primaryimage","url":"https:\/\/bentos.cl\/ventas\/wp-content\/uploads\/2022\/05\/buoyancy17t.jpg","contentUrl":"https:\/\/bentos.cl\/ventas\/wp-content\/uploads\/2022\/05\/buoyancy17t.jpg","width":330,"height":247},{"@type":"BreadcrumbList","@id":"https:\/\/bentos.cl\/ventas\/producto\/spherical-adcp-buoys-flotation-syntactic\/#breadcrumb","itemListElement":[{"@type":"ListItem","position":1,"name":"Home","item":"https:\/\/bentos.cl\/ventas\/"},{"@type":"ListItem","position":2,"name":"Tienda","item":"https:\/\/bentos.cl\/ventas\/tienda\/"},{"@type":"ListItem","position":3,"name":"SPHERICAL ADCP BUOYS &#038; FLOTATION (SYNTACTIC)"}]},{"@type":"WebSite","@id":"https:\/\/bentos.cl\/ventas\/#website","url":"https:\/\/bentos.cl\/ventas\/","name":"Ventas Bentos","description":"Equipos a pedido","potentialAction":[{"@type":"SearchAction","target":{"@type":"EntryPoint","urlTemplate":"https:\/\/bentos.cl\/ventas\/?s={search_term_string}"},"query-input":{"@type":"PropertyValueSpecification","valueRequired":true,"valueName":"search_term_string"}}],"inLanguage":"es"}]}},"jetpack_sharing_enabled":true,"_links":{"self":[{"href":"https:\/\/bentos.cl\/ventas\/wp-json\/wp\/v2\/product\/5392","targetHints":{"allow":["GET"]}}],"collection":[{"href":"https:\/\/bentos.cl\/ventas\/wp-json\/wp\/v2\/product"}],"about":[{"href":"https:\/\/bentos.cl\/ventas\/wp-json\/wp\/v2\/types\/product"}],"replies":[{"embeddable":true,"href":"https:\/\/bentos.cl\/ventas\/wp-json\/wp\/v2\/comments?post=5392"}],"wp:featuredmedia":[{"embeddable":true,"href":"https:\/\/bentos.cl\/ventas\/wp-json\/wp\/v2\/media\/5393"}],"wp:attachment":[{"href":"https:\/\/bentos.cl\/ventas\/wp-json\/wp\/v2\/media?parent=5392"}],"wp:term":[{"taxonomy":"product_brand","embeddable":true,"href":"https:\/\/bentos.cl\/ventas\/wp-json\/wp\/v2\/product_brand?post=5392"},{"taxonomy":"product_cat","embeddable":true,"href":"https:\/\/bentos.cl\/ventas\/wp-json\/wp\/v2\/product_cat?post=5392"},{"taxonomy":"product_tag","embeddable":true,"href":"https:\/\/bentos.cl\/ventas\/wp-json\/wp\/v2\/product_tag?post=5392"}],"curies":[{"name":"wp","href":"https:\/\/api.w.org\/{rel}","templated":true}]}}